s the greatest common factor of 646 and 6878?
38
What is the greatest common divisor of 3528 and 40?
8
What is the greatest common divisor of 4200 and 168?
168
Calculate the greatest common divisor of 8 and 16.
8
Calculate the highest common factor of 11 and 6083.
11
Calculate the greatest common factor of 1843 and 2231.
97
Calculate the greatest common factor of 2750 and 66.
22
Calculate the highest common factor of 77 and 98.
7
Calculate the greatest common factor of 144 and 1704.
24
Calculate the highest common divisor of 75 and 15.
15
Calculate the greatest common divisor of 306 and 544.
34
Calculate the highest common factor of 1995 and 105.
105
Calculate the highest common factor of 82952 and 8.
8
Calculate the highest common factor of 5 and 10425.
5
What is the highest common divisor of 62 and 1984?
62
What is the greatest common divisor of 127428 and 287?
287
What is the greatest common divisor of 160 and 395?
5
Calculate the greatest common divisor of 171 and 551.
19
What is the highest common factor of 20 and 440?
20
Calculate the greatest common factor of 8619 and 204.
51
What is the greatest common factor of 737 and 11?
11
What is the highest common divisor of 2343 and 66?
33
Calculate the highest common factor of 11 and 77.
11
What is the highest common divisor of 6 and 2934?
6
What is the highest common divisor of 864 and 36?
36
Calculate the highest common factor of 57 and 15.
3
What is the highest common divisor of 76 and 608?
76
Calculate the greatest common divisor of 60 and 16.
4
Calculate the highest common factor of 84 and 238.
14
What is the highest common divisor of 8 and 196?
4
Calculate the greatest common divisor of 77 and 407.
11
What is the highest common factor of 424 and 8?
8
What is the greatest common factor of 9701 and 1157?
89
Calculate the highest common factor of 28 and 4.
4
Calculate the greatest common factor of 901 and 212.
53
What is the highest common divisor of 77 and 84?
7
Calculate the highest common divisor of 5283 and 45.
9
What is the highest common factor of 135 and 300?
15
Calculate the highest common divisor of 1425 and 15.
15
Calculate the greatest common divisor of 291 and 2425.
97
What is the highest common factor of 100 and 220?
20
What is the greatest common divisor of 37 and 3589?
37
What is the highest common divisor of 969 and 114?
57
Calculate the greatest common divisor of 735 and 4305.
105
Calculate the greatest common factor of 310 and 15.
5
Calculate the highest common factor of 6422 and 38.
38
Calculate the greatest common factor of 637 and 49.
49
What is the greatest common factor of 12 and 6?
6
What is the greatest common factor of 91 and 1729?
91
Calculate the highest common divisor of 306 and 544.
34
Calculate the greatest common divisor of 186 and 30.
6
Calculate the highest common factor of 1448 and 181.
181
What is the greatest common divisor of 2674 and 28?
14
What is the greatest common divisor of 6071 and 13?
13
Calculate the highest common divisor of 65 and 1045.
5
What is the highest common factor of 232 and 1073?
29
What is the highest common factor of 30807 and 189?
189
Calculate the highest common divisor of 70 and 196.
14
Calculate the highest common divisor of 840 and 945.
105
Calculate the greatest common divisor of 32 and 324.
4
What is the greatest common divisor of 3751 and 968?
121
Calculate the greatest common factor of 1846 and 2201.
71
Calculate the highest common factor of 3926 and 453.
151
What is the greatest common divisor of 3055 and 130?
65
What is the highest common factor of 4810 and 13?
13
Calculate the greatest common divisor of 510 and 30.
30
Calculate the greatest common divisor of 49 and 1687.
7
What is the greatest common divisor of 123 and 309?
3
What is the highest common divisor of 20 and 1570?
10
Calculate the greatest common factor of 3625 and 250.
125
Calculate the greatest common factor of 88 and 1221.
11
What is the highest common divisor of 1147 and 74?
37
Calculate the highest common factor of 50 and 34725.
25
Calculate the highest common divisor of 28 and 2037.
7
Calculate the highest common factor of 45 and 3945.
15
Calculate the greatest common factor of 572 and 5044.
52
Calculate the greatest common divisor of 64 and 117.
1
Calculate the greatest common factor of 4838 and 123.
41
Calculate the greatest common divisor of 1666 and 98.
98
Calculate the greatest common divisor of 50 and 70.
10
Calculate the highest common divisor of 12 and 102.
6
What is the highest common divisor of 104 and 3692?
52
Calculate the highest common factor of 114 and 190.
38
What is the highest common factor of 75 and 4425?
75
What is the greatest common divisor of 37 and 2257?
37
What is the highest common divisor of 18 and 11034?
18
What is the greatest common divisor of 23999 and 309?
103
Calculate the greatest common factor of 36 and 1854.
18
Calculate the highest common divisor of 3680 and 46.
46
Calculate the highest common divisor of 105 and 9780.
15
Calculate the highest common factor of 80 and 240.
80
Calculate the highest common factor of 338 and 832.
26
Calculate the highest common divisor of 126 and 22365.
63
Calculate the greatest common factor of 527 and 17.
17
What is the greatest common factor of 1589 and 14?
7
Calculate the greatest common divisor of 485 and 5.
5
Calculate the greatest common factor of 24 and 2496.
24
What is the greatest common factor of 7500 and 30?
30
Calculate the greatest common divisor of 530 and 185.
5
Calculate the highest common divisor of 92 and 3404.
92
Calculate the greatest common divisor of 21 and 61257.
21
Calculate the greatest common factor of 114 and 7695.
57
What is the greatest common divisor of 1148 and 5002?
82
What is the highest common factor of 30 and 210?
30
Calculate the greatest common divisor of 1540 and 280.
140
What is the greatest common factor of 120 and 40?
40
Calculate the greatest common divisor of 30 and 465.
15
Calculate the greatest common factor of 4582 and 316.
158
Calculate the greatest common divisor of 81 and 1503.
9
What is the greatest common divisor of 914 and 22?
2
Calculate the greatest common factor of 323 and 19.
19
Calculate the highest common divisor of 689 and 13.
13
Calculate the greatest common factor of 184 and 8.
8
Calculate the greatest common factor of 2568 and 24.
24
What is the highest common divisor of 230 and 30?
10
Calculate the greatest common divisor of 158 and 474.
158
What is the greatest common factor of 31 and 11?
1
Calculate the highest common divisor of 505 and 303.
101
What is the greatest common divisor of 24 and 796?
4
What is the highest common factor of 903 and 168?
21
What is the greatest common factor of 45 and 14505?
15
Calculate the greatest common factor of 77 and 1183.
7
What is the highest common divisor of 114 and 16682?
38
Calculate the greatest common divisor of 112 and 1400.
56
Calculate the highest common factor of 12 and 444.
12
What is the highest common factor of 775 and 4185?
155
Calculate the greatest common divisor of 1062 and 18.
18
Calculate the highest common divisor of 157 and 1727.
157
Calculate the highest common divisor of 1083 and 114.
57
What is the greatest common divisor of 24 and 798?
6
What is the highest common factor of 38160 and 45?
45
What is the highest common divisor of 23 and 368?
23
What is the greatest common divisor of 32 and 1?
1
Calculate the highest common factor of 27 and 63.
9
What is the highest common factor of 814 and 286?
22
Calculate the highest common divisor of 4 and 108.
4
Calculate the greatest common factor of 5421 and 7089.
417
Calculate the greatest common divisor of 26096 and 56.
56
What is the greatest common factor of 91 and 15197?
91
Calculate the greatest common factor of 210 and 3864.
42
What is the greatest common divisor of 80 and 20?
20
What is the greatest common factor of 108 and 171?
9
Calculate the greatest common factor of 84 and 108.
12
Calculate the highest common divisor of 112 and 14.
14
Calculate the highest common factor of 640 and 630.
10
Calculate the highest common divisor of 150 and 16800.
150
What is the greatest common divisor of 5 and 45?
5
Calculate the highest common divisor of 189 and 5817.
21
Calculate the highest common divisor of 379 and 1.
1
What i